
False
Is 139775312 a multiple of 358?
False
Is 659 a factor of 54569813?
True
Does 205 divide 132709663?
False
Is 95425652 a multiple of 14?
True
Is 1533 a factor of 1705527099?
False
Does 59 divide 3254263?
True
Does 3 divide 2149955?
False
Is 94521196 a multiple of 63?
False
Is 147311010 a multiple of 462?
True
Does 1059 divide 116236899?
True
Does 38 divide 23264867?
False
Is 8052 a factor of 700169712?
True
Is 2282572 a multiple of 1887?
False
Does 117 divide 1515022885?
False
Does 19 divide 32933767?
False
Is 53306371 a multiple of 2454?
False
Is 9 a factor of 418769595?
True
Is 43 a factor of 43834931?
True
Does 16 divide 39330627?
False
Is 608 a factor of 20721160?
False
Is 50 a factor of 340705336?
False
Does 219 divide 299840514?
False
Is 699327051 a multiple of 604?
False
Is 2520757860 a multiple of 6?
True
Is 6 a factor of 9637704?
True
Is 1032 a factor of 57546384?
True
Is 6456 a factor of 1389428040?
True
Does 79 divide 19932332?
True
Is 9059 a factor of 1025264819?
False
Does 12 divide 195577306?
False
Does 15 divide 83135370?
True
Does 36 divide 11017891?
False
Does 419 divide 24177557?
True
Is 622 a factor of 127171759?
False
Is 905844 a multiple of 70?
False
Is 9 a factor of 191497356?
True
Is 7640136 a multiple of 504?
True
Is 3833 a factor of 160027750?
True
Is 20040546 a multiple of 11?
False
Is 162930655 a multiple of 4756?
False
Is 1432736736 a multiple of 12?
True
Is 156 a factor of 196455956?
False
Does 20 divide 249410070?
False
Does 148 divide 78721792?
True
Is 17097 a factor of 2436484795?
False
Does 10 divide 676464360?
True
Does 2657 divide 1139008074?
True
Is 120 a factor of 10239360?
True
Is 553792850 a multiple of 36?
False
Does 6 divide 61051464?
True
Is 128 a factor of 13924992?
True
Is 1120 a factor of 33555200?
True
Does 16 divide 300331056?
True
Is 30 a factor of 6810538?
False
Is 66 a factor of 1492418400?
True
Is 38 a factor of 58710?
True
Does 707 divide 15715055?
False
Is 35 a factor of 83100948?
False
Does 2456 divide 111695044?
False
Is 863346262 a multiple of 46?
True
Is 1496 a factor of 482453723?
False
Is 136 a factor of 302939784?
False
Is 1365262 a multiple of 91?
False
Does 40 divide 11790041?
False
Is 4 a factor of 356318220?
True
Does 137 divide 2764112?
True
Is 25664968 a multiple of 325?
False
Does 13 divide 9373815?
False
Does 3949 divide 69435267?
True
Is 50798336 a multiple of 8?
True
Is 20253442 a multiple of 1243?
True
Does 330 divide 94772040?
True
Is 79 a factor of 66189?
False
Does 42 divide 35108178?
True
Is 5369 a factor of 402036089?
True
Does 15 divide 43375140?
True
Does 40 divide 90005320?
True
Is 30896375 a multiple of 71?
False
Is 68 a factor of 33729768?
True
Is 153156652 a multiple of 44?
True
Is 299 a factor of 2350393851?
True
Is 28 a factor of 5025440?
True
Is 5 a factor of 992133645?
True
Is 6 a factor of 10105083?
False
Is 669303793 a multiple of 5?
False
Is 25886781 a multiple of 32?
False
Is 371893980 a multiple of 738?
False
Does 17 divide 1105885188?
False
Does 41 divide 5233732?
True
Does 15 divide 581023337?
False
Is 2231079405 a multiple of 51?
True
Is 187 a factor of 14396943?
True
Is 150 a factor of 1789781403?
False
Is 1007 a factor of 92639441?
False
Is 141254492 a multiple of 344?
False
Does 446 divide 285933722?
True
Is 538329435 a multiple of 393?
True
Does 454 divide 1560611834?
True
Is 5502870 a multiple of 45?
True
Is 69 a factor of 415231197?
False
Is 473 a factor of 401108860?
False
Is 125443105 a multiple of 2711?
False
Is 2 a factor of 60044104?
True
Is 1002 a factor of 123451410?
True
Is 204759632 a multiple of 616?
True
Is 756 a factor of 345001067?
False
Is 32372918 a multiple of 910?
False
Is 128574182 a multiple of 1227?
False
Is 270257708 a multiple of 68?
False
Is 1263 a factor of 154624348?
False
Is 256 a factor of 99006771?
False
Does 60 divide 20119920?
True
Is 5760453 a multiple of 597?
True
Is 59980735 a multiple of 239?
False
Is 4 a factor of 178856172?
True
Is 110170160 a multiple of 8?
True
Does 68 divide 64448320?
False
Is 2242597279 a multiple of 17?
True
Is 816037654 a multiple of 1679?
True
Does 309 divide 18204426?
True
Is 248 a factor of 502518305?
False
Is 100509623 a multiple of 1123?
True
Is 37 a factor of 91275411?
True
Does 6 divide 111243?
False
Is 16090760 a multiple of 5?
True
Is 64 a factor of 17395804?
False
Is 687 a factor of 430007040?
True
Is 233 a factor of 99307455?
False
Does 9158 divide 774018317?
False
Is 189749901 a multiple of 5093?
True
Is 1289879918 a multiple of 34?
False
Does 991 divide 567166519?
False
Does 117 divide 229347963?
True
Does 4 divide 83960853?
False
Is 3470640 a multiple of 4?
True
Does 6 divide 1178666724?
True
Is 281203148 a multiple of 4462?
False
Does 114 divide 30634076?
False
Does 141 divide 28654161?
True
Is 81420294 a multiple of 1214?
False
Is 908 a factor of 11091833?
False
Does 11 divide 29211403?
False
Is 663 a factor of 3310276641?
False
Is 86722158 a multiple of 197?
True
Is 3014875 a multiple of 89?
True
Is 444 a factor of 751318963?
False
Does 1036 divide 87592661?
False
Is 14048851 a multiple of 17?
True
Does 3206 divide 213144498?
True
Does 12 divide 432455201?
False
Is 3318280 a multiple of 70?
True
Does 698 divide 10063230?
False
Is 47216975 a multiple of 325?
True
Is 321 a factor of 80982712?
False
Is 681 a factor of 60755415?
True
Is 941064122 a multiple of 12?
False
Does 16 divide 16436624?
True
Is 46 a factor of 170542562?
True
Is 3200064 a multiple of 8?
True
Is 144 a factor of 175721266?
False
Is 7884645 a multiple of 8?
False
Is 8 a factor of 420262632?
True
Is 29 a factor of 86612993?
False
Is 629 a factor of 22168555?
False
Does 366 divide 50208978?
True
Is 3606565907 a multiple of 3995?
False
Does 13 divide 243792237?
True
Does 13 divide 931854040?
True
Does 2935 divide 203102463?
False
Is 1760 a factor of 297682880?
True
Is 79556611 a multiple of 3071?
False
Is 2878083978 a multiple of 21?
True
Is 1307276304 a multiple of 57?
True
Does 849 divide 687654470?
False
Is 1711 a factor of 33102622?
False
Is 3835 a factor of 592074145?
True
Is 37 a factor of 7303315?
False
Is 116 a factor of 432272816?
False
Is 131839930 a multiple of 4570?
True
Does 16 divide 199086320?
True
Is 4 a factor of 16193640?
True
Does 27 divide 463033908?
True
Is 138587400 a multiple of 157?
False
Does 22 divide 29301159?
False
Is 33 a factor of 1999867626?
False
Does 22 divide 552032118?
True
Does 27 divide 368594388?
True
Is 4 a factor of 351679527?
False
Is 677 a factor of 20077789?
True
Does 54 divide 9423891?
False
Is 11 a factor of 103717153?
False
Does 43 divide 1180134709?
False
Does 134 divide 21710171?
False
Is 23 a factor of 270624440?
True
Is 221954615 a multiple of 22?
False
Is 77750927 a multiple of 11?
False
Does 44 divide 3924877484?
True
Does 1188 divide 40530996?
True
Is 33 a factor of 100918191?
True
Is 5 a factor of 223164890?
True
Does 2260 divide 3340280?
True
Does 349 divide 159488114?
True
Is 6541536 a multiple of 48?
True
Is 176 a factor of 16201152?
True
Is 8 a factor of 6170320?
True
Is 894 a factor of 232351494?
True
Is 90 a factor of 120069000?
True
Is 10 a factor of 1424038180?
True
Is 19767495 a multiple of 33?
True
Does 40 divide 5245337?
False
Does 29 divide 264990475?
False
Does 290 divide 3192594?
False
Is 52 a factor of 430322048?
True
Does 5 divide 2867937?
False
Is 683 a factor of 1623428864?
False
Does 1687 divide 74050735?
False
Does 228 divide 2580155269?
False
Is 31 a factor of 16714146?
True
Does 560 divide 2716018480?
True
Does 2357 divide 16546924?
False
Is 4201 a factor of 117207900?
True
Is 556 a factor of 20879093?
False
Is 69 a factor of 16277583?
True
Does 25 divide 449438075?
True
Is 805781 a multiple of 19?
False
Is 26 a factor of 678064?
False
Is 19897504 a multiple of 15?
False
Does 97 divide 3733863?
False
Is 373341310 a multiple of 1620?
False
Does 2725 divide 241838300?
True
Is 85165492 a multiple of 13?
False
Is 12488167 a multiple of 26?
False
Is 356 a factor of 156959688?
True
Does 251 divide 46223407?
True
Does 1299 divide 108967914?
True
Is 17 a factor of 160986362?
True
Is 2847 a factor of 33933104?
False
Is 15 a factor of 534843960?
True
Does 14 divide 670184215?
False
Is 21 a factor of 1973919024?
True
Is 470878805 a m